-g. What is the units digit of g?
5
Let z = 78 - -30. Suppose -2*j - p + 45 = -0*j, -4*p = 5*j - z. What is the units digit of j?
4
Suppose 0 = -4*t + 3*y + 75, 56 = 3*t - y - y. What is the units digit of t?
8
Let i = -86 - -142. What is the tens digit of i?
5
Suppose 4*j = c + 24 + 41, -65 = -5*j - 2*c. What is the units digit of j?
5
Suppose -t - 2*d + 36 = 0, 2*t - 4*d - 41 = 23. What is the tens digit of t?
3
Suppose 2*n = -3*t - 8, 2*t + 5*n = n. What is the tens digit of (105/(-28))/(1/t)?
1
Let t(j) = j**2 + 6*j + 1. Suppose -4*c = 22 + 2. What is the units digit of t(c)?
1
Suppose 5*p - 13 - 2 = 0. What is the units digit of p?
3
Let c(t) = 6*t - 2. Let w be c(1). Suppose -71 = -w*j + 81. What is the units digit of j?
8
Let s = -45 - -130. What is the tens digit of s?
8
What is the units digit of (-3 - (-15)/6)*14*-1?
7
Suppose -2*d - 5 = -23. Suppose 0 = -2*g - 2*s - 11 + 45, -2*s - 22 = -2*g. Let h = g - d. What is the units digit of h?
5
Suppose 0*w = 2*x + w - 112, -3*w + 228 = 4*x. Suppose -3*b + x = -15. What is the tens digit of b?
2
Suppose -3*n + 33 = -6*n. Let z be -6 - n - 3/1. Suppose 4*j = 3*t - 28, -j - 3 + z = 0. What is the units digit of t?
8
Suppose -4*a + 30 = 14. Suppose 5 = 2*d - d. Suppose 3*h - t - 11 = 0, 2*h = -t + a*t + d. What is the units digit of h?
4
Suppose -5*h = v - 95, -97 = -4*h - 0*h - 5*v. What is the units digit of h?
8
Let b = -5 - -2. Let h be 2/((-1)/6*b). Suppose 5*r + o = -2*o + 43, -h*r + 30 = -2*o. What is the units digit of r?
8
Suppose 2*i = -4*r + 16, -3*r - 1 + 3 = -i. Suppose i*a - 20 = 2*a. What is the units digit of (1 - a/6)*-3?
2
Let w(f) = f**3 - 11*f**2 + 11*f - 4. Let h be w(10). Let m(s) = 5*s - 5. What is the units digit of m(h)?
5
Suppose a + 18 = -5*g, 3*a - 5*a + 4*g = -6. Let y be -1 + 2 + -2 - a. Suppose -40 = -6*p + y*p - 5*w, -w = -5*p + 79. What is the units digit of p?
5
Let m = -2 + 5. Suppose -m*h = -6*h + 15. Suppose -i = -5*a + 43, h*a + 3*i - 16 = 15. What is the units digit of a?
8
Let m be (-4)/(-16) - 158/(-8). Let n = m + -5. What is the tens digit of n?
1
Let r = 10 - 35. What is the tens digit of 1/2 - r/2?
1
Let f = -6 - -85. What is the units digit of f?
9
Suppose s - 8 = -s. What is the units digit of s?
4
Let l(p) = p**2 - 4*p - 6. Let a be l(5). What is the units digit of -2*a*(3 - 2)?
2
Let t = -43 - -30. Let c = t - -31. What is the tens digit of c?
1
Let x be ((-4)/6)/((-1)/3). Suppose 195 = -x*o - 3*o. What is the units digit of 6/(2 - o/(-24))?
6
Let k = -1 - -3. Let d be 10/4 + 1/k. What is the units digit of (-1)/(-1*d/15)?
5
Let w = 15 - 9. What is the units digit of w?
6
Let o(c) = -c**2 - 7*c - 6. Let s be o(-7). Let x be 6/9 - 62/s. Let r = x + -3. What is the units digit of r?
8
Let b(p) = 4*p + 1. Let a be (6/(-2))/(9/(-6)). Suppose -a*x + 4 = -0*x. What is the units digit of b(x)?
9
What is the tens digit of (-13)/39*-1*771?
5
Let m be (1 + -2)*(-99)/(-11). What is the units digit of (m/(-6))/(9/30)?
5
Let n = 13 - 8. Let d = n - 10. Let t = d - -24. What is the units digit of t?
9
What is the tens digit of 498/18 - (-2)/6?
2
Let d(c) = -5*c**3 + 8*c**2 - c**2 + 3*c**3 - 3*c + 1 + c**3. What is the units digit of d(6)?
9
Suppose 58 - 13 = 3*a. What is the units digit of a?
5
What is the units digit of 78 - 4/12*-3?
9
Let b(r) = r**3 - 14*r**2 - 10*r - 33. What is the tens digit of b(15)?
4
Let t = 5 + 0. Let h(z) = -7*z**2 - 3*z + 19. Let n(a) = -10*a**2 - 4*a + 28. Let p(w) = 7*h(w) - 5*n(w). What is the units digit of p(t)?
3
Let n(w) = -w**3 - w. Let h be n(-1). Suppose -4*m + 18 = -30. What is the tens digit of m - h*9/(-6)?
1
Let q be 5 + -2 + 2*34. Let a = q + -36. What is the tens digit of a?
3
Suppose 11 = -2*u - 3*c, -2*u + 0*c - 7 = -c. Let o = u - -6. What is the units digit of o?
2
Suppose 0*s - 2*s + 4 = 0. Let k(x) = 4*x - 3. What is the units digit of k(s)?
5
Suppose -4*j + h = -118, -j + 11 = -h - 20. What is the tens digit of j?
2
What is the units digit of (4 + -11)*1/(-1)?
7
Let i = 57 + -23. Let h = 58 - i. What is the tens digit of h?
2
Let r(s) = s**2 - 6*s - 5. Suppose -3*t = t - 36. What is the tens digit of r(t)?
2
Suppose -9*g + 10*g = 14. What is the units digit of g?
4
Suppose -5*r + 19 = -21. Suppose 5*w - 4*g + 2 = 0, -4*w - 2*g = -2*w + r. What is the units digit of (-3)/12*8/w?
1
Suppose -42 = -5*g + 48. What is the units digit of 184/g - (-4)/(-18)?
0
Let v(g) be the second derivative of g**4/6 - 2*g**3/3 - g**2/2 - 3*g. What is the units digit of v(-3)?
9
Let f = 10 + -10. Let m = 1 + -1. Suppose -2*w + f*w + 14 = m. What is the units digit of w?
7
Let v = -29 - -80. Suppose 0*g - 4*j - 96 = -4*g, 3*j = 2*g - v. What is the units digit of g?
1
Let v = 2 + -2. Suppose v = -4*w + 14 + 10. What is the units digit of w?
6
Suppose 349 + 26 = 5*s. What is the units digit of s?
5
Suppose -3*z + 216 = z. What is the units digit of z?
4
Let s(i) = i + 6. Let w be s(-6). Let t = 2 - w. Suppose -g - j + 1 = 0, -3*g = -2*j - 30 + t. What is the units digit of g?
6
Let o be ((-3)/(-4))/((-4)/(-16)). What is the units digit of 7/o + 4/6?
3
What is the units digit of (-2)/6 - (-66)/9?
7
Let n(f) = -f**3 - 13*f**2 + 6*f - 45. What is the units digit of n(-14)?
7
Suppose 5*b + 3*h = b + 8, -h = 0. Suppose -w = -b*w + 2. Suppose 1 = -s + w. What is the units digit of s?
1
Let r be (-8)/3 + (-4)/(-6). Let s(t) = -4*t**3 - 3*t**2 - t. What is the tens digit of s(r)?
2
Let t be (-1)/(-4) - 38/(-8). Suppose -75 = -5*h + 7*i - 2*i, -t*h + 30 = 4*i. What is the tens digit of (h/(-15))/(4/(-66))?
1
What is the tens digit of (-52)/(-3 - 0 - (6 + -8))?
5
Let a(o) = 5*o**2 - 7*o + 1. What is the units digit of a(4)?
3
Suppose 2*x + 2 = 0, 3*x + 29 = -3*d + 164. What is the tens digit of d?
4
Let z = 317 - 42. What is the units digit of z?
5
What is the units digit of ((-5)/(2 + -7))/(1/41)?
1
Let m be -47 - 0*2/6. Let q = m + 81. What is the tens digit of q?
3
Let m = 495 + -281. What is the tens digit of m?
1
Suppose -n + 0*n = -4*v + 22, 2*v - 18 = -3*n. Suppose -4*z + v*b = 2*b - 92, 0 = -z - 5*b - 1. What is the tens digit of z?
1
Let b(a) = 4*a**2 + 7*a + 2. What is the hundreds digit of b(7)?
2
Let h(s) be the first derivative of 3*s**2 - s - 1. Let j be h(1). Suppose 15 = -3*v, 0*y - j*v = 5*y + 5. What is the units digit of y?
4
Let f(w) = w. Let h be f(-7). Let l = h + 13. What is the units digit of l?
6
Let u be 2/3 - (-12)/(-18). What is the units digit of 2 - u/(1 + 0)?
2
Suppose 5*y - y = -324. What is the tens digit of (-1278)/y - 4/(-18)?
1
Suppose 5*q = 2*q + 18. Suppose 16 = 2*m - t + q*t, 3*t = -m + 9. Suppose 0 = 3*r - m. What is the units digit of r?
1
Suppose 8 = 4*m - 8. Suppose -24 = -2*s - m*x - 4, -4*s - 2*x = -58. What is the units digit of s?
6
Let a be (0 - 0)/(13 + -12). Suppose f + f - 70 = a. What is the tens digit of f?
3
Suppose 0 = 3*v - 2*v + z - 6, 0 = -2*z. Let t = v + 8. What is the units digit of t?
4
Let u = -2 + -7. Let v = 15 + u. What is the units digit of v?
6
Let i = -131 + 196. What is the units digit of i?
5
Let u = 133 + -16. What is the hundreds digit of u?
1
Let n(x) = 4*x**3 - 2*x**2 + 1. Suppose -3*v - 1 = o + 3*o, -5*o = 2*v - 4. Let a = v + 4. What is the units digit of n(a)?
3
Let o = -9 + 88. What is the units digit of (-4)/22 - o/(-11)?
7
Suppose 2*i = p + 139, i + i - 133 = -p. Let n = i - 41. What is the units digit of n?
7
Let u(l) = -l**2 + 7. Let b be u(-6). Let p = b - -21. Let n = 14 + p. What is the units digit of n?
6
Suppose -4*o = -7*o + 282. What is the units digit of 8/(-20) + o/10?
9
Suppose -2*v = -6*v + 16. What is the units digit of (17*-2)/(v - 6)?
7
Suppose n + 604 = 3*q, -5*n + 837 = -0*q + 4*q. What is the tens digit of q?
0
Suppose v + 2*v = -6. What is the units digit of 170/20 + 3/v?
7
Suppose 2 = -f - 2*w + 8, -w - 11 = -3*f. Let a(v) = 10*v - 4 + f + 1. What is the units digit of a(1)?
1
Suppose 3*n + 15 = 2*h, 5*n + 17 = 5*h - 8. Let z be (10 - n)/((-6)/(-4)). Suppose 0 = -5*m - 0 + z. What is the units digit of m?
2
Let c(t) = -59*t - 23. Let d(w) = -10*w - 4. Let p(y) = -6*c(y) + 34*d(y). What is the units digit of p(2)?
0
Let j be -53*(1 + 3 + -3). Let s = 93 + j. Suppose 0 = -4*c - 5*q + 39 - 4, -2*c + 2*q + s = 0. What is the tens digit of 